5*k**3/3 - 2*k**2 + 12*k + 6. Let g be b(-6). Give n(g).
-9
Let v(p) = -2*p - 3. Let s be 2/8 - (-3)/(-12). Suppose 0 = 5*y + z + 29, s = -2*y - 0*y + 3*z + 2. Calculate v(y).
7
Let z(b) = 9*b**2 + 10*b + 11 - 4*b**2 - 4*b**2. Let g be z(-9). Let c(l) = l**2 - 4*l + 3. Let j(a) = a**2 - 5*a + 4. Let q(k) = 3*c(k) - 2*j(k). Give q(g).
1
Let j(f) = 2*f - 4. Suppose -3 = -3*m - 0. Suppose z + 3 = m. Let x be 2/4 + (-5)/z. Determine j(x).
2
Let x be (0 - (-2)/6)/((-8)/(-12)). Let w(m) be the third derivative of 2*m**2 + 1/24*m**4 + 0 - x*m**3 + 0*m. Calculate w(5).
2
Let y(t) = 0*t**3 - 2*t**3 + 4*t**3 + 2 - 4*t**2 + 0 + t. Let x(d) = -d**3 - 5*d - 6*d**2 + 2*d + 2 + 2*d**2. Let i be x(-3). Calculate y(i).
4
Let a(r) be the second derivative of r**3/6 + 3*r**2 - 59*r. Give a(9).
15
Suppose -10 = -4*q - 2. Let l(y) = -y**3 - 3 - 3*y**q + 4 + 2 + 3*y. Suppose 19 + 8 = -3*z - 5*u, z - 5*u - 11 = 0. What is l(z)?
7
Let b(u) = -u**2 - 5*u - 4. Let q be b(-6). Let m = q + 10. Let a(t) = -t**3 + t**2 + 8. Determine a(m).
8
Let u = 28 - 14. Suppose -u = -2*c - 5*f, -2*f - 8 = -2*c - 4*f. Let k(b) = -2*b**2 + 6*b**c + 1 + 2*b + 4*b**2. Calculate k(-1).
7
Let b(c) = 0*c - 2 + 6*c + 4 - 1. Give b(-1).
-5
Let y(o) = o**3 - 3*o**2 - 2*o. Let s be y(4). Suppose s = -d + 12. Let i(z) = -z**2 + 3*z + 3. Calculate i(d).
-1
Let g(o) = o**3 + 9*o - 11*o - 7*o**2 + o - 2. Calculate g(7).
-9
Let b be (-6)/(-8)*(-7 + (7 - 4)). Let o(t) = -2*t**2 - t - 3. Calculate o(b).
-18
Let v be (-10)/4*(-32)/40. Let w(t) = 0*t**2 + 6*t**2 + 4*t**2 - t + 1 - 8*t**v. Give w(1).
2
Let v(y) = -7*y - 7. Let j(l) = 3*l + 3. Let c(w) = 5*j(w) + 2*v(w). Let x be (0 - 6/4)/((-69)/46). Determine c(x).
2
Suppose 5*y - 3*a - 30 = 0, 3 - 10 = y + 2*a. Let f(o) = -1 + 0*o**3 - 2*o - 2*o**2 + 6*o**3 - 3*o**y. What is f(-1)?
-4
Suppose 3*y - 4*y + 1 = 0. Let j(o) = -o**2. Let s(n) = 4*n**2 + 1. Let w(z) = 6*j(z) - s(z). What is w(y)?
-11
Suppose 2*q + 3*c = 7, -3*q = -6*q + 2*c + 4. Let j(s) = s - 3. Let i be j(q). Let t(n) = -6*n**3 - n**2 - n - 1. Give t(i).
5
Let c(m) be the first derivative of m**4/4 + 2*m**3/3 - m**2 - 2*m - 26. What is c(-3)?
-5
Let t be -3*1*(-2)/3. Let r be 4 + (-2)/t*-1. Let i = -2 + r. Let m(o) = -o**3 + 3*o**2 - 3*o + 2. What is m(i)?
-7
Let h(o) be the first derivative of o**4/2 - o**3/3 + o - 7. Suppose -4*w - 4*k = 24, 0 = -4*w + k + 3*k + 16. Calculate h(w).
-2
Suppose -4*x - 4*a + 16 = 0, 4*x + a = -0*x + 7. Let d = x + 2. Let r(c) = -4*c**2 - 8*c + 9*c - c**3 - d + 0*c**2. Give r(-4).
-7
Let m(f) = -f - 8. Let p be 36/(-126) + ((-2)/7)/(-1). Determine m(p).
-8
Let x(n) = -11*n - 27. Let a(c) = -5*c - 13. Let z(k) = 13*a(k) - 6*x(k). What is z(13)?
6
Let n(p) = -2*p**2 - 1. Let d(w) = 5*w**2 + w + 3. Let k(m) = 3*d(m) + 7*n(m). Determine k(-3).
2
Let j be 2*(-4)/8*6. Let n = j + 9. Let o(i) = -i + 4. Give o(n).
1
Let y(x) = -x**3 - 4*x**2 + 6*x - 4. Let n(g) = 19*g**2. Let i be n(-1). Let w = i - 24. Give y(w).
-9
Let w(c) = c. Let o(a) = 6*a - 1. Let z(r) = -o(r) + 5*w(r). Suppose -3*k + 89 = 32. Let s = 25 - k. Give z(s).
-5
Suppose -3*o + 8 = 2*r, 5*r - 9 = 3*o + 11. Let i(s) = -s**3 + 5*s**2 - 3*s + 2. Give i(r).
6
Let j(c) = 7*c**2 - 2*c + 4*c - 12 - 3*c + 11. Let l(w) = w**2. Let q(g) = -j(g) + 4*l(g). What is q(-1)?
-3
Let z = 59 - 62. Let h(t) = 4*t + 2. Determine h(z).
-10
Suppose 0*r = 5*r. Let l(z) = 9*z**2 - 2*z + z + r*z - 15*z**2. Give l(1).
-7
Let z(j) = 7*j + 1. Let f(v) = -v**2 + 4*v + 7. Let y be f(5). Suppose y = 4*t - 2*t. What is z(t)?
8
Suppose -3*r + 4*c + 22 = 0, -5*r + c - 3*c = -2. Let t(k) = 5*k - 2. Let o(w) = -1. Let h(g) = -3*o(g) + t(g). What is h(r)?
11
Let n = 15 + -14. Suppose 0 = 5*w - q - 13, -q - n + 3 = 0. Let p(j) = j**3 - 4*j**2 + j - 4. Give p(w).
-10
Let h(t) be the third derivative of 0 - 1/2*t**3 + 0*t + 1/6*t**4 - 1/120*t**6 - 1/20*t**5 - 3*t**2. What is h(-4)?
-3
Suppose 12 = 4*v - 3*n, -v - 2*v + n = -9. Suppose -r = -5*u - 3, r + 3*u + 2*u - 3 = 0. Let s(q) = r - 3*q**2 - q**2 - 5*q + 5*q**2. Give s(v).
-3
Let a(r) be the second derivative of r**4/12 - 7*r**3/6 - 2*r**2 - 41*r. Give a(6).
-10
Let u(k) = 3*k**2 + 2*k - 3. Let l(d) = 2*d**2. Let b be l(1). Give u(b).
13
Let g(o) = 3*o - 4 - 1 + 1. Determine g(-5).
-19
Let j(o) = -o**2 + 1. Let n(w) = w**2 + 5*w + 3. Let t be (-9)/6*(-2)/3. Let v(m) = t*j(m) - n(m). Calculate v(-3).
-5
Let z(r) = 5*r - 1. Let c be z(4). Suppose 3*k = -2*t - c, 4*t = -5*k - t - 40. Let y(v) = v**2 - 3. Calculate y(k).
6
Let i(x) = -x**3 + 2*x**2 + 4*x - 2. Let s(r) be the third derivative of r**5/30 - r**4/12 - r**3/6 - r**2. Let m be s(2). Calculate i(m).
1
Let c(b) = -5*b - 1 + 6*b + 3*b. Give c(2).
7
Let p(n) = 15 - 3 - 10*n + 10*n**2 - n**3 - 3. Calculate p(9).
0
Let d(b) = -b**3 + 6*b**2 - 5*b - 1. Let z be d(5). Let n(t) be the first derivative of t**4/2 - 2*t**3/3 - t**2/2 + 2. Determine n(z).
-3
Let s(u) = -6*u + 2. Suppose 0 = -2*p + 5 - 1. What is s(p)?
-10
Suppose -22*c = -3 + 113. Let t(s) be the second derivative of -s**3/6 + s. Calculate t(c).
5
Let g(f) = -f - 1. Let w be g(-1). Suppose -10 = -5*t - w. Let d(x) = x**2 - 6 - 2*x**2 + 2*x**t - x. Calculate d(0).
-6
Let h(a) = -3*a**3 + 3*a**2 - a + 15. Let c(q) = 7*q**3 - 7*q**2 + 2*q - 31. Let p(i) = -2*c(i) - 5*h(i). Calculate p(0).
-13
Let r(o) be the second derivative of 3*o**5/10 - o**2/2 - o. What is r(-1)?
-7
Let w = -26 + 27. Let f(y) = 3*y**2 - 1. Give f(w).
2
Let x(b) = -132 + 132 + b. Let q(t) = t**3 + t + 7. Let u be q(0). Let n(o) = o**2 - 5*o - 9. Let s be n(u). Give x(s).
5
Let r(a) be the second derivative of a**5/20 + 5*a**4/12 + a**3/2 - a**2/2 + 2*a. Determine r(-4).
3
Suppose p = 4*p + 2*s, 5*p = 2*s. Let i(k) = k - 4 - k**2 + p + 4*k**2 - 2*k**2. Give i(3).
8
Let c(x) = -9*x**3 + 11*x**2 + 13*x - 11. Let u(z) = 5*z**3 - 6*z**2 - 7*z + 6. Let n(l) = 6*c(l) + 11*u(l). Calculate n(0).
0
Let j(y) = -10*y**3 - 1. Let w(q) = -q. Let c be w(-8). Let n = 6 - 5. Suppose t - c = 3*s, n = -4*t + 2*s + 3. Calculate j(t).
9
Let z(q) be the second derivative of 2*q**2 + 0 + q - 1/6*q**3. Determine z(5).
-1
Let m(f) = -4*f**2 + 5*f**2 - f**3 - 4*f**2 + 2*f + 0*f. Let v = -3 - 0. What is m(v)?
-6
Let h(s) = 3*s + 1. Suppose 3*c = j - 2*c - 33, 5*j - 3*c = 55. Give h(j).
25
Let x(u) = -7*u. Let h(o) be the third derivative of 0*o - 1/6*o**3 + 3*o**2 + 0 + 5/24*o**4 - 1/60*o**5. Let b be h(5). Give x(b).
7
Let x(m) = 0*m - 11 + 9 + m. Suppose i = -4*q + 3, -34 + 15 = 3*i - 2*q. Determine x(i).
-7
Let g = 3 - 2. Let j(h) = -5*h**3 + 4*h**2 - 2*h + 1. Let t(m) = -6*m**3 + 5*m**2 - 2*m + 1. Let k(b) = -3*j(b) + 2*t(b). Determine k(g).
2
Let s(v) = -v - 1. Let u(m) = -9*m - 1. Let i(o) = 5*s(o) - u(o). Let z be (-5)/(-1) + (2 - 0). Let a be z/2 - (-1)/(-2). Determine i(a).
8
Let r be (-1 - 1) + 4 + -2. Let x(u) be the first derivative of u**2/2 - 5. Let p(d) = 3. Let l(c) = -p(c) + x(c). Give l(r).
-3
Let s(o) = -2*o + 2. Let p = 10 - 5. Suppose -p*n = -2*n + 9, -3*n - 11 = r. Give s(r).
6
Let o(m) = m + 10. Let n be o(-12). Let i(s) = 0*s - 2*s + s. What is i(n)?
2
Let s(k) = -k**3 + 6*k**2 - 5*k + 7. Let y = 62 + -57. Calculate s(y).
7
Let w(o) = -28 - 5*o + o + 27. Give w(2).
-9
Let t = 99 - 92. Let y(a) = -a**2 + 7*a - 1. Give y(t).
-1
Let o(v) = -5*v - 9. Let h(l) = 14*l + 26. Let w(t) = -3*h(t) - 8*o(t). Suppose 1 = -2*k - 9, 4*r - 4*k = -4. Give w(r).
6
Let o(k) = k**3 + k**2 - 2*k - 2. Let p be o(-2). Let f(z) be the first derivative of z**2/2 + 2*z - 2. What is f(p)?
0
Let o(r) = -3 + 2*r - r**2 + 1 + 5. Suppose -s = s - 10. Suppose 0 = 4*m - s*z + 8, m + 4*z = 6*m + 1. Determine o(m).
0
Let d be (90/(-4))/9*2. Let q(u) = u**2 + 5*u + 1. Calculate q(d).
1
Let r(p) be the third derivative of 1/30*p**5 + 2*p**2 + 5/6*p**3 - 7/24*p**4 + 0 + 0*p. What is r(4)?
9
Let x = -5 - -7. Suppose x + 4 = 2*q. Let i(r) = r**2 - 4*r - 1. Let a(u) = -3*u**2 + 12*u + 4. Let z(o) = -2*a(o) - 7*i(o). Calculate z(q).
2
Let u(h) = -36*h + 6. Let t(z) = -7*z + 1. Let b(v) = 11*t(v) - 2*u(v). Let g = 32 - 31. Calculate b(g).
-6
Let w = 1 - 1. Let g(x) = -x + 2. Let c be g(2). Let o(f) = f**2 - 3 + c*f - 3 - f. Give o(w).
-6
Let t(l) = -l + 1. Suppose 2*a + 7 + 3 = 0. Determine t(a).
6
Let n(k) be the first derivative of k**2/2 - 6*k + 